en 13 is divided by x?
1
Suppose 4*m - 20 = 3*b, 0 = -b + 5*m - 0 - 3. Calculate the remainder when (-4 - 12/b) + (-2046)/(-12) is divided by 19.
16
Let x = 29821 - 10102. What is the remainder when x is divided by 290?
289
Let f = -184 + 194. What is the remainder when 6*(0/(-2) - (-155)/f) is divided by 12?
9
Let r = -16759 + 17234. What is the remainder when r is divided by 175?
125
Suppose -372 = -10*o + 438. Let w = 28 + -45. Let d = w + 46. What is the remainder when o is divided by d?
23
Suppose -207*z = -196*z - 44. Suppose -4*w - 5*x + 215 = 0, -z*x - 28 = -8. Calculate the remainder when w is divided by 40.
20
Let t = 48 - -253. Let i = -175 + t. What is the remainder when i is divided by (43/(-5))/(12/(-60))?
40
Let g be -2*(1 + (36/2)/(-2)). Suppose -20*p + 176 = -g*p. Calculate the remainder when p is divided by 3 - (-6 - (-1 + 1)).
8
Let d = 315 - 315. Suppose d = 4*m - 3*m - 70. Calculate the remainder when m is divided by 8.
6
Suppose 5*a - 106 = 204. Let x = 414 - 62. Let k = x + -331. What is the remainder when a is divided by k?
20
Let r(l) = l**3 + 19*l**2 - 6*l - 37. Let v be (1406/(-148))/((5/(-2))/(-5)). What is the remainder when 99 is divided by r(v)?
22
Let o = 6888 + -6766. What is the remainder when 133 is divided by o?
11
Let p = -3881 + 3938. What is the remainder when 476 is divided by p?
20
Let o = 6 + 30. Let l(r) = 5*r**3 - 147*r**2 - 64*r - 759. Calculate the remainder when o is divided by l(30).
15
Let r(l) = -2*l**2 + 35*l - 1. Suppose 5*a + v = -5, -3*a + 3*v = 4*v + 1. Let b be (a*(2 + -1))/((-1)/8). What is the remainder when r(b) is divided by 17?
13
Suppose 0 = -2*z + d - 10, -d = 5*z + 1 + 10. Calculate the remainder when z - (-24)/4 - 29*-4 is divided by 20.
19
Suppose 40410 = 140*t - 118910. Calculate the remainder when t is divided by 13.
7
Suppose 6*m - 7*m - 16 = 0. What is the remainder when 151 is divided by ((-108)/m - 7) + 153/4?
37
Suppose 0*h + 4*h + d - 6 = 0, 2 = 5*h + 4*d. Suppose 3*i - 54 = -0*z + 2*z, -h*z + 106 = 5*i. Calculate the remainder when 28 is divided by i.
8
Calculate the remainder when (-114)/4*(-20)/15 is divided by (-1 + (-13)/(-2) + -5)/((-14)/(-364)).
12
Let a = 702 - 685. What is the remainder when 51 is divided by a?
0
Suppose 4*g + 7*k = 12*k + 104252, -k = -16*g + 416932. What is the remainder when g is divided by 11?
10
Let j(h) = 2*h - 4. Let z be j(2). Suppose 9 = -z*f + f. Calculate the remainder when 30 is divided by f.
3
Let z(m) = 26*m**2 - 626*m + 83. Calculate the remainder when 725 is divided by z(24).
25
Let r be 68/12*(-18)/(-3). Suppose -r = -f + 29. What is the remainder when f is divided by 16/24 - (-31)/3?
8
Let i be 2 - (-86 - (-1 + -5)). Suppose 2*b = -j + 375, 4*b = 3*j - i + 837. Calculate the remainder when b is divided by 9.
8
Suppose 39*r - 470 - 228 = -113. Suppose -5*m + 168 = -42. Calculate the remainder when m is divided by r.
12
Let s = -7 + 1. Let r(u) be the first derivative of -13*u**2 - 23*u - 306. Calculate the remainder when r(s) is divided by 34.
31
Let c be (22 - 18)*1/1. Suppose 5*v = 4*s + 146, 0 = -c*s + 12 - 8. What is the remainder when 177 is divided by v?
27
Calculate the remainder when 206/6 - -1 - 428/321 is divided by 19.
15
Let o = 113 + -97. Suppose -11*j = -38 + o. Let u(a) = 2*a**2 - 2*a + 1. Calculate the remainder when j is divided by u(1).
0
Suppose 0 = -80*j + 2526 + 3314. Calculate the remainder when 369 is divided by j.
4
Suppose -4*k - k = -2*c - 35, -4*c - 20 = 0. Suppose -d + 463 = -5*h + 34, h = -k*d + 2119. Calculate the remainder when d is divided by 61.
58
Let z(c) = c**2 - 5*c + 11. Let n be z(5). Let l(k) = k**2 - 1. Calculate the remainder when n/55 - 28/(-10) - -42 is divided by l(3).
5
Suppose -18*i + 3139 = -4097. Suppose 6*r - 444 - i = 0. Calculate the remainder when r is divided by 53.
35
Suppose 5*z + 4*c - 3126 = 0, 5*z - 1758 - 1365 = -7*c. Calculate the remainder when z is divided by 207.
5
Let a = 785 - -2315. Calculate the remainder when a is divided by 29.
26
Suppose -143*z - 2*z - 98*z + 24300 = 0. Calculate the remainder when 6397 is divided by z.
97
Let b(f) = 2172*f**2 - 27*f + 18. Calculate the remainder when b(1) is divided by 2158.
5
Let x(m) = -130*m - 189. What is the remainder when 280 is divided by x(-2)?
67
Let n = 102 + -129. Let z be ((-3)/n*15)/((-2)/(-6)). Suppose -4*r + z*d + 68 = -90, -2*r + d + 82 = 0. Calculate the remainder when r is divided by 15.
12
Suppose -22*o = -20*o - 6. Suppose o*n = -3*x + 18, -x - 9 = 2*n - 6*n. Let f(r) = 5*r - 6. Calculate the remainder when 116 is divided by f(n).
8
Let s be 2/(((-96)/(-30))/8) - -5. Suppose -8*l + 3*m - 80 = -s*l, -54 = -l + 2*m. Calculate the remainder when l is divided by 40.
6
Let a(q) = q**3 - 3*q**2 + 2*q - 8. Let z(p) = -p + 14. Let i be z(9). What is the remainder when a(i) is divided by 3?
1
Let l = -141 + 159. Let u = 29 - l. What is the remainder when (-2)/9 + 335/9 is divided by u?
4
Suppose 0 = -t - 5*k + 119, 0 = 2*t - 496*k + 500*k - 196. What is the remainder when t is divided by 24?
12
Suppose -12*r = -46 + 10. Suppose -22*c + 25*c = 5*t - 289, 0 = r*t - 4*c - 169. What is the remainder when t is divided by (0 - -1) + (-38)/(-2)?
19
Let u = 124 + -124. Suppose 19*t - 13*t + 72 = u. Let b(y) = -4*y + 1. Calculate the remainder when b(t) is divided by 25.
24
Let k be ((-5)/3 - -2)*(20 - -4). Suppose -k*m + 17 = -15. Calculate the remainder when 18 is divided by m.
2
Suppose 662*g = 667*g - 670. Calculate the remainder when g is divided by 7.
1
Suppose -65*z = g - 62*z - 235, 2*g + 4*z = 474. What is the remainder when g is divided by 71?
28
Let x be (-1012)/33 - (-4)/6. Let y = 29 + x. Let w = 77 + y. What is the remainder when w is divided by 20?
16
Let b = 151 + -108. Suppose -45*h = -b*h - 20. Suppose -5*g + 3*j - 42 = -h*g, 0 = -3*g + 2*j + 10. Calculate the remainder when 7 is divided by g.
1
Let u(j) = -97*j**2 + 688*j - 15. What is the remainder when u(7) is divided by 25?
23
Let p = 164 + -162. Suppose 8*t - 7*t - 32 = 5*z, p*z + 10 = 0. What is the remainder when 69 is divided by t?
6
Let a(n) = -n**3 - 5*n**2 + 8*n + 3. Suppose 4*u - 2*u - 17 = d, -5*u - 5*d = -80. What is the remainder when a(-7) is divided by 0 + -2 + u + -5?
1
Suppose 3*c + s + 0*s = 483, 2*s + 6 = 0. Suppose 0 = -k - 3, -d - 2*k + 10 + 8 = 0. What is the remainder when c is divided by d?
18
Let h(u) = 8*u - 35. What is the remainder when 695 is divided by h(6)?
6
Let l(m) = -m**3 - 5*m**2 - 3*m + 9. Let d be l(-5). Suppose -5*j - 15 = 0, 27*q - d*q + 2*j = 105. What is the remainder when 69 is divided by q?
32
Suppose -h - 239 = -3*g, -11*g + 2*h = -13*g + 146. Suppose 0*f + 4*f = 120. Calculate the remainder when g is divided by f.
18
Calculate the remainder when 249 is divided by 4/(3/7 + (-20)/112).
9
Let i(q) = 2*q**2 - 93*q + 35. Let k be i(46). Let w(h) = -h**3 - 9*h**2 + h - 63. What is the remainder when w(k) is divided by 57?
54
Let j = -455 + 456. Calculate the remainder when (1165/5)/((j - 0) + 0) is divided by 47.
45
Calculate the remainder when 8415 is divided by (-10)/45 - (3271/(-18) + 21/(-14)).
180
What is the remainder when 28/10 + (-75445)/(-1975) is divided by 1 - (2 - 0 - 17)?
9
Let p(y) be the first derivative of y**3/3 + 2*y**2 - 4*y + 38. Let r(n) = 2*n**2 - 16*n - 16. Calculate the remainder when r(12) is divided by p(5).
39
Suppose 2*z - 3*q - 4 = -0*z, q - 2 = 0. Let h = 0 + z. Suppose 0 = 4*y - 4*d - 148, -57 = -y - 0*y + h*d. What is the remainder when 62 is divided by y?
30
Calculate the remainder when 8941 is divided by (-13*(-48)/15)/(-7 + 504/70).
205
Suppose -4*g + 343 = 15. Suppose -6*d = -g + 40. What is the remainder when 13 is divided by d?
6
Calculate the remainder when 12081 is divided by ((-17)/3 - 3/(-9))*101283/(-2548).
209
Suppose -132 = 6*i - 10*i. What is the remainder when 3/12*(-149292)/(-143) is divided by i?
30
Let s(d) = -12*d**3 - 7*d - 2 + 13*d**3 + 30*d - 12*d**2. What is the remainder when 103 is divided by s(10)?
19
Suppose 1 = d, -5*c - 3*d = -8*c + 3. Suppose c*z = -4*z + 120. Let o(m) = -m**2 + m + 59. Calculate the remainder when o(0) is divided by z.
19
Let b(a) be the second derivative of a**5/20 - a**4/2 - 11*a**3/6 - 9*a**2 + 43*a. What is the remainder when 